t is the units digit of a(-12)?
8
Let c(m) = -14*m. Let i be c(-9). Let d = i + -4. What is the tens digit of d?
2
Let g(t) = -t**2 + 16*t + 13. Let q(p) = 2*p**2 - 31*p - 26. Let u(n) = 5*g(n) + 3*q(n). Let f be (153/(-27))/((-14)/42). What is the tens digit of u(f)?
5
Let y = 6710 + -4616. What is the hundreds digit of y?
0
Let l be (-86)/(-6) + (-8)/(-12). Suppose l - 7 = 4*h. Suppose 4*t + t = -u + 11, -5*u = h*t + 14. What is the units digit of t?
3
Let f(o) = o**3 - 5*o**2 - o + 8. Suppose -5*a + 26 = 1. Let p be f(a). Let b = 8 + p. What is the units digit of b?
1
Suppose 5*a + 10 = 0, -8*h + 6730 = -3*h + 5*a. What is the hundreds digit of h?
3
Suppose 0 = 6*s - 3*s - 6. Suppose 0 = 2*v - v. Suppose -4*w + v = 5*j - 36, w - 15 = -s*j. What is the units digit of j?
8
Let o(w) = -8*w - 12. Let c be 12 - -1 - (5 + -7). Suppose 34 = -2*r + 2*k - 7*k, 0 = -5*r + 5*k - c. What is the units digit of o(r)?
4
Suppose 108 = 3*x + x + 5*y, -2*y = 0. Suppose x*t - 120 = 23*t. What is the units digit of t?
0
Suppose 2*l + 6 - 10 = 0. Suppose 12 + 22 = -l*u. Let j = 33 + u. What is the tens digit of j?
1
Let t = 302 - -172. Suppose 0 = 6*s - 12*s + t. What is the units digit of s?
9
Let c(z) = -z**3 + 52. Let a be c(0). Let y = a + 169. What is the hundreds digit of y?
2
Let v = -797 + 440. What is the tens digit of (v/14)/(3/(-6))?
5
Let q be 1/(-1 - 84/(-83)). Let d be ((-106)/8)/((-4)/(-16)). Let t = q + d. What is the tens digit of t?
3
Let d be 336 - (-8)/2 - 4. Let o = d - 70. What is the tens digit of o?
6
Suppose -4*p = -f + 4, -5*f = -0*f - 2*p - 20. What is the units digit of f/(-12) - 856/(-12)?
1
Let r(i) = -i**3 + 5*i**2 - 5*i + 5. Let z be r(4). Let c = z + -54. Let l = c - -83. What is the tens digit of l?
3
Suppose 2*y - 189 = 2*z + 2937, z = 2*y - 3130. What is the tens digit of y?
6
Let h(q) = -q**2 - 8*q - 9. Let s(p) = p**2 + 5*p - 4. Let i be s(0). What is the units digit of h(i)?
7
Let l = 12 + -16. Let o be l/(-4) + (2 - 1). What is the tens digit of -25*2/(-4)*o?
2
Suppose 3*y = 9*u - 12*u + 321, -3*u + 2*y + 311 = 0. What is the units digit of u?
5
Let d(l) be the first derivative of 18*l**2 - 33*l + 42. What is the hundreds digit of d(5)?
1
Let g be (2 - (-6)/(-8))*4. Suppose -3*h - 15 = 0, g*i - h = -6*h. What is the units digit of i?
5
Suppose 2*p + 11197 = 3*l, 2*l + 2*p = 3*l - 3739. What is the tens digit of l?
2
Let g(i) be the second derivative of i**3/6 + i**2/2 - 6*i. Let d(r) = r**2 - 3*r - 5. Let z(h) = -d(h) + 5*g(h). What is the units digit of z(9)?
1
Let g = 1049 - 465. What is the tens digit of g?
8
Let k(d) = -d**2 + 39*d - 27. What is the tens digit of k(22)?
4
Suppose 0 = -2*l - 3*w + 497, -3*l + 0*w + 698 = -5*w. What is the units digit of l?
1
Suppose -4*p = p - 20. Let z(d) = 3*d**2 - 2*d + 8. Let g be z(p). Suppose 5*l + g = c, -2*c = 3*c + 3*l - 128. What is the tens digit of c?
2
Let q = -87 + 90. Suppose -3*d = -3*n + n - 134, -q*d + n + 130 = 0. What is the units digit of d?
2
Let l(a) = -1359*a + 1359*a + 1 + 153*a**2. What is the hundreds digit of l(1)?
1
Let f = 6089 + -2969. Suppose 9*t - f = -4*t. What is the units digit of t?
0
Suppose 4*i - 3*u - 8143 = 0, 4*i - 7*i + 3*u = -6105. What is the units digit of i?
8
Suppose -1600*t + 1595*t + 1145 = 0. What is the hundreds digit of t?
2
Let h(m) = m**2 + 7*m + 2. Let d be h(7). Let k be (-5 - (-5 + 1)) + -34. Let v = k + d. What is the tens digit of v?
6
What is the units digit of ((-3760)/(-140))/((-2)/(-21))?
2
Suppose 5*o - 427 = 308. Let b(k) = 6*k + 27. Let f be b(-21). Let v = o + f. What is the tens digit of v?
4
Suppose 5*t + 253 - 1238 = 0. Suppose t = 8*z - 283. What is the units digit of z?
0
Let l = -570 + 1527. What is the hundreds digit of l?
9
Suppose -5072 = -11*h + 27169. What is the tens digit of h?
3
Let d be 6 + ((-1312)/(-205))/(2/20). Let c be ((1 - 1)/1)/(-2). Suppose 2*x - d = -4*s, -3*x + s + s + 97 = c. What is the units digit of x?
3
Let b(q) = -2*q**2 - 2*q - 5. Let r be b(4). Let k be 6/10 - 108/r. What is the units digit of -6*(-16)/k + -3?
9
Suppose 0 = -2*j, 3*c = 6*j - 8*j + 6708. What is the tens digit of c?
3
Let i(t) = -t**3 + 13*t**2 - 14*t + 4. Let a be i(12). Let h = a - -60. What is the units digit of h?
0
Let x = -186 - -220. What is the units digit of x?
4
Let c(k) be the first derivative of k**2/2 - 2*k + 2. Let w(t) = -t**3 + 4*t**2 + 7*t - 1. Let j be w(5). What is the units digit of c(j)?
7
Let v be (-4)/((-1 - 4/(-152)) + 1). What is the units digit of -1 - (-9)/7 - v/7?
2
Let b(l) = 175*l - 189. What is the units digit of b(5)?
6
Let d be -16 - (-3 - 3/(-3)). Let p be (-63)/(-9)*24/d. Let o = 26 + p. What is the units digit of o?
4
Let l(f) = 2*f - 9. Let d be l(7). Suppose c = -0*c + d, 2*s - 145 = -3*c. What is the units digit of s?
5
Suppose -2*y = 2*t + 10, -2*t + 23 = -5*t + 5*y. Let i(w) = -8*w**2 - 50*w - 6. What is the units digit of i(t)?
6
Suppose 0*f = 10*f - 7190. What is the units digit of f?
9
Let p = -8 - -11. Suppose 0 = -p*j + 5 + 4. Suppose 0 = j*n - 2*n - 14. What is the tens digit of n?
1
Let g be (0 + 0)/(-2 - -3). Let f = 158 - 156. Suppose -f*j + 78 + 54 = g. What is the tens digit of j?
6
Let t be 16 - (-2*2 + 2). Let m be (t/(-12))/(6/8). Let a = m + 14. What is the tens digit of a?
1
What is the tens digit of ((-264)/(-55))/(15/14000)?
8
Suppose 0 = 4*z + 15 + 13. Let f = z - -15. Suppose -h + 0*c - 3*c = f, 3*c = 2*h - 29. What is the units digit of h?
7
Let y(r) = r**2 + 8*r - 7. Let c be y(-6). Let q = -24 + 59. Let i = c + q. What is the tens digit of i?
1
Let y be (26/(-5))/((-2)/5). Let d = y - 13. What is the units digit of (1 - d)*(1 - -3)?
4
Let o = -19 + 21. Suppose 10 = o*k, -27 = f - 4*k - k. What is the tens digit of (51/(-6))/(f/12)?
5
What is the tens digit of (15/(-10))/((-1)/(-2)) + 484?
8
Let s(k) = 3*k**2 - 7*k + 9. Let o be s(6). Suppose -4*r + o = 7. Suppose 8*a = 9*a - r. What is the tens digit of a?
1
Let u(h) = 6*h + 5. Let r(t) = -7*t - 5. Let i(x) = 4*r(x) + 5*u(x). Suppose 0 = 5*o - 450 + 415. What is the units digit of i(o)?
9
Suppose -3*z = z + 2*c, 4*z + c = 4. Let i(b) = -1. Let r(n) = 20*n + 4. Let t(m) = z*i(m) + r(m). What is the units digit of t(1)?
2
Suppose -2*j - b = 2*j + 386, -2*j - 3*b - 198 = 0. What is the units digit of -4*(4/(-6))/(j/(-2628))?
3
Suppose -c - 2 = -3*n, -4*n + 14 = 4*c - 5*n. Suppose -4*a + 3*k + 14 = 0, 2*k + 30 = c*a + 7*k. Suppose -104 = b - a*b. What is the units digit of b?
6
What is the hundreds digit of (54/36)/(9/3396)?
5
Let r = 1029 + -572. What is the tens digit of r?
5
Let s = 53 + -22. Let l(m) = -4*m - 3. Let w be l(3). Let f = w + s. What is the units digit of f?
6
Let i be (13 - 13) + -2 + 8. What is the hundreds digit of (-3)/i*(0 + (-808)/4)?
1
Suppose -782 - 784 = -6*z. Let s = z - 92. What is the hundreds digit of s?
1
Let v(r) = r**3 - 10*r**2 - 105*r + 54. What is the hundreds digit of v(22)?
5
Let h(m) = -2*m - 9. Let d be h(-6). Let t be (40/(-12))/(-5)*d. Suppose t*i + 1 = 11. What is the units digit of i?
5
Suppose -u - 4*p + 6 = 0, -u = -3*u - 3*p + 7. Suppose 4*q = -u*t + 80, -t = 4*t + 20. What is the tens digit of q?
2
Let q(d) = d**3 + 2*d**2 - 2*d - 3. Suppose -9 = -5*s + 2*s. Let k be q(s). Let a = k + -30. What is the units digit of a?
6
Let u be 14/(-35) - 12/(-5). Suppose u*b + 3*v - 272 = -2*b, 0 = 5*b - 2*v - 340. What is the tens digit of b?
6
Suppose -5*d + 206 = -2*t, -t - 93 = -4*d + 73. Let u = d + 6. Suppose -2*o + 0*o + u = 0. What is the units digit of o?
4
Suppose 93*z = 88*z + 25. Suppose -z*q = 3*w - 769, 5*w + 593 = -2*q + 6*q. What is the units digit of q?
2
Let k = -16 - -1. Let h = k + 15. Suppose h = -4*v - 4*g + 25 + 3, g = v - 11. What is the units digit of v?
9
Let z(t) = 306*t**2 + 3*t + 2. Let u be z(-1). Suppose u = -94*k + 95*k. What is the hundreds digit of k?
3
Let l(p) = p**3 + 8*p**2 + 10*p - 12. Let k be l(-6). Suppose 3*y + 4*n - 157 = k, -5*n = 4*y - 137 - 74. What is the tens digit of y?
5
Let m(w) = -3*w**3 - 7*w**2 + 1. Let k(g) = -3*g**3 - 8*g**2 + g + 2. Let b(o) = -2*k(o) + 3*m(o). What is the units digit of b(-3)?
1
Let j = 14 + 32. Let y = j + -41. What is the units digit of y?
5
Let w(j) = j - 2*j**3 + j**3 + 4*j - 9*j**2 + 13. What 